s the thousands digit of 1686660?
6
What is the ten thousands digit of 5578050?
7
What is the hundred thousands digit of 1583082?
5
What is the thousands digit of 6359503?
9
What is the ten thousands digit of 855804?
5
What is the thousands digit of 2062984?
2
What is the millions digit of 6038955?
6
What is the ten thousands digit of 613262?
1
What is the hundreds digit of 482820?
8
What is the hundreds digit of 1335178?
1
What is the thousands digit of 109087?
9
What is the hundred thousands digit of 18533231?
5
What is the tens digit of 2923314?
1
What is the thousands digit of 116600?
6
What is the ten thousands digit of 5802862?
0
What is the hundreds digit of 831271?
2
What is the units digit of 15722897?
7
What is the thousands digit of 10342989?
2
What is the tens digit of 871616?
1
What is the tens digit of 162498?
9
What is the thousands digit of 565855?
5
What is the hundred thousands digit of 194166?
1
What is the hundreds digit of 85686?
6
What is the ten thousands digit of 660091?
6
What is the hundred thousands digit of 506241?
5
What is the units digit of 973578?
8
What is the tens digit of 3496470?
7
What is the hundreds digit of 1802370?
3
What is the ten thousands digit of 274618?
7
What is the ten thousands digit of 607370?
0
What is the hundreds digit of 6617269?
2
What is the thousands digit of 551734?
1
What is the thousands digit of 34516634?
6
What is the tens digit of 7993818?
1
What is the units digit of 20369685?
5
What is the units digit of 6019433?
3
What is the thousands digit of 2260869?
0
What is the thousands digit of 976146?
6
What is the tens digit of 59444?
4
What is the thousands digit of 1120442?
0
What is the units digit of 1143781?
1
What is the millions digit of 2546026?
2
What is the hundred thousands digit of 176902?
1
What is the hundreds digit of 250889?
8
What is the ten thousands digit of 460321?
6
What is the thousands digit of 13180343?
0
What is the units digit of 3597991?
1
What is the hundreds digit of 11458?
4
What is the tens digit of 31545135?
3
What is the hundreds digit of 45099?
0
What is the hundreds digit of 690591?
5
What is the hundreds digit of 18077712?
7
What is the ten thousands digit of 221980?
2
What is the tens digit of 11804529?
2
What is the hundreds digit of 418998?
9
What is the tens digit of 25480714?
1
What is the tens digit of 275510?
1
What is the thousands digit of 149746?
9
What is the millions digit of 13861825?
3
What is the tens digit of 231149?
4
What is the tens digit of 11393?
9
What is the units digit of 4018875?
5
What is the ten thousands digit of 318516?
1
What is the tens digit of 161756?
5
What is the hundred thousands digit of 192930?
1
What is the hundred thousands digit of 1403741?
4
What is the thousands digit of 18402521?
2
What is the hundred thousands digit of 364944?
3
What is the units digit of 310398?
8
What is the ten thousands digit of 2343945?
4
What is the units digit of 177525?
5
What is the hundreds digit of 163079?
0
What is the hundred thousands digit of 2942408?
9
What is the ten millions digit of 22925649?
2
What is the tens digit of 1076011?
1
What is the units digit of 624578?
8
What is the hundreds digit of 2340855?
8
What is the hundred thousands digit of 334602?
3
What is the hundreds digit of 71058?
0
What is the thousands digit of 42848?
2
What is the hundred thousands digit of 706227?
7
What is the thousands digit of 15217?
5
What is the thousands digit of 240782?
0
What is the hundreds digit of 78723?
7
What is the units digit of 4361973?
3
What is the hundreds digit of 668035?
0
What is the units digit of 1881521?
1
What is the tens digit of 117044?
4
What is the hundreds digit of 99727?
7
What is the ten thousands digit of 14864963?
6
What is the ten thousands digit of 2379513?
7
What is the thousands digit of 2541114?
1
What is the ten thousands digit of 1344544?
4
What is the units digit of 4525459?
9
What is the tens digit of 147893?
9
What is the tens digit of 1332965?
6
What is the units digit of 1193329?
9
What is the ten thousands digit of 5716990?
1
What is the thousands digit of 13883771?
3
What is the tens digit of 1774?
7
What is the hundreds digit of 83845?
8
What is the tens digit of 609673?
7
What is the units digit of 26466933?
3
What is the ten thousands digit of 136527?
3
What is the hundreds digit of 199783?
7
What is the hundreds digit of 31866133?
1
What is the units digit of 1451967?
7
What is the ten thousands digit of 39322?
3
What is the ten thousands digit of 984486?
8
What is the tens digit of 229191?
9
What is the millions digit of 1653010?
1
What is the thousands digit of 517000?
7
What is the ten thousands digit of 640415?
4
What is the tens digit of 115244?
4
What is the hundred thousands digit of 2296204?
2
What is the hundreds digit of 226320?
3
What is the tens digit of 19331502?
0
What is the units digit of 423411?
1
What is the tens digit of 192999?
9
What is the hundreds digit of 299809?
8
What is the tens digit of 20144118?
1
What is the units digit of 11986739?
9
What is the tens digit of 274204?
0
What is the tens digit of 196555?
5
What is the hundreds digit of 285541?
5
What is the millions digit of 1089352?
1
What is the millions digit of 8482128?
8
What is the hundred thousands digit of 3114222?
1
What is the ten thousands digit of 885274?
8
What is the ten thousands digit of 186094?
8
What is the ten thousands digit of 252096?
5
What is the tens digit of 977746?
4
What is the millions digit of 1127396?
1
What is the units digit of 1511485?
5
What is the tens digit of 456784?
8
What is the ten thousands digit of 21696346?
9
What is the tens digit of 145440?
4
What is the thousands digit of 1062279?
2
What is the hundred thousands digit of 104293?
1
What is the hundreds digit of 4283532?
5
What is the units digit of 919624?
4
What is the units digit of 4597139?
9
What is the ten thousands digit of 4018536?
1
What is the ten thousands digit of 7954249?
5
What is the units digit of 214261?
1
What is the tens digit of 62971?
7
What is the tens digit of 2565200?
0
What is the hundred thousands digit of 1085170?
0
What is the thousands digit of 4171807?
1
What is the hundred thousands digit of 511937?
5
What is the hundred thousands digit of 482970?
4
What is the hundred thousands digit of 1559638?
5
What is the millions digit of 3570428?
3
What is the thousands digit of 797608?
7
What is the tens digit of 7189496?
9
What is the thousands digit of 934228?
4
What is the tens digit of 1494886?
8
What is the units digit of 563518?
8
What is the thousands digit of 392571?
2
What is the hundreds digit of 1221769?
7
What is the units digit of 200448?
8
What is the thousands digit of 5148992?
8
What is the tens digit of 19196273?
7
What is the hundred thousands digit of 943600?
9
What is the hundreds digit of 266242?
2
What is the hundreds digit of 911427?
4
What is the units digit of 5979438?
8
What is the hundred thousands digit of 613496?
6
What is the thousands digit of 567336?
7
What is the thousands digit of 617240?
7
What is the units digit of 431712?
2
What is the thousands digit of 284247?
4
What is the thousands digit of 231343?
1
What is the thousands digit of 11774092?
4
What is the units digit of 338337?
7
What is the units digit of 628846?
6
What is the ten thousands digit of 2801461?
0
What is the hundreds digit of 6079634?
6
What is the ten thousands digit of 1060258?
6
What is the thousands digit of 136029?
6
What is the hundred thousands digit of 227323?
2
What is the ten millions digit of 21021497?
2
What is the units digit of 470980?
0
What is the ten thousands digit of 476340?
7
What is the thousands digit of 2946660?
6
What is the units digit of 110939?
9
What is the thousands digit of 183508?
3
What is the ten thousands digit of 630697?
3
What is the thousands digit of 267242?
7
What is the units digit of 5571386?
6
What is the ten thousands digit of 2541689?
4
What is the ten thousands digit of 4697568?
9
What is the thousands digit of 568373?
8
What is the ten millions digit of 20046452?
2
What is the ten thousands digit of 41301?
4
What is the hundreds digit of 2077017?
0
What is the thousands digit of 4686831?
6
What is the millions digit of 19006895?
9
What is 